eds digit of (4 - -323)*v/(-2)?
3
Let g(j) be the second derivative of -j**4/3 - 5*j**3/6 - j**2 - 20*j. Let w be g(-4). Let p = w - -82. What is the tens digit of p?
3
Let f(g) = 54*g**3 - 3*g**2 + 5*g - 5. Let l be f(2). Let a = 729 - l. What is the units digit of a?
4
Let g(m) = -33*m + 136. Let q be g(4). Suppose -5*n = -10*r + 9*r - 5549, -n + 1106 = -q*r. What is the units digit of n?
0
Let i = -114 + 168. Let k = 40 - i. What is the tens digit of (-30)/(-9)*-12*k/8?
7
Let x = -7997 - -17145. What is the hundreds digit of x?
1
Let v(q) = -2*q**2 - 39*q - 17. Let y be v(-19). Suppose 2*z - 1285 = -4*j + j, -859 = -y*j + z. What is the tens digit of j?
2
Let j(p) = -7*p + 36. Let u = 12 + -7. Let d(n) = -3*n + 18. Let f(v) = u*d(v) - 2*j(v). What is the tens digit of f(-9)?
2
Suppose -442665 + 11727 = -89*w. What is the units digit of w?
2
Suppose 5*b - 3*n = n - 206, 0 = -2*b - 2*n - 86. What is the thousands digit of 2/((b/7)/(-3156))?
1
Let o = 30 + -19. Suppose -o*h + 149 = -247. What is the tens digit of (-1942)/(-34) + h/(-306)?
5
Let t(x) = 48*x**2 - 4*x + 65. What is the units digit of t(15)?
5
Suppose -4*h = -0*h - 8. Suppose -155 = -5*w + 5*m, -w + h*w - 3*m = 29. Suppose 0 = -0*u + 2*u - w. What is the units digit of u?
6
Suppose 0 = 19*j - 245 - 59. Let c(m) = 2*m**3 - 31*m**2 - 11*m. What is the tens digit of c(j)?
8
Suppose 32 - 17 = w. What is the units digit of (-1 - (-351)/w)/((-6)/(-105))?
2
Let f be 29/((-1)/(5 + 1)). What is the units digit of (0 - f/2) + 1?
8
Let n be 3 - 4 - (-4 + 7). Let w(l) = -8*l**2 - 9*l - 10. Let h(d) = -d**2 - d. Let i(m) = -3*h(m) - w(m). What is the units digit of i(n)?
8
Suppose -29231 = -74*v + 71*v + 4*k, -38958 = -4*v - 3*k. What is the thousands digit of v?
9
Let m(x) be the third derivative of 6*x**4 + x**3 + x**2 - 22. What is the hundreds digit of m(2)?
2
Let f(i) = -3*i**3 + 2*i**2 - 2*i - 2. Let h = 130 - 133. What is the hundreds digit of f(h)?
1
Let k = 102 + -44. Let j = 76 - k. Suppose -f - 5*g + 76 = -j, 0 = 4*f + g - 433. What is the tens digit of f?
0
Let s = -96 + 42. Let x = s + 102. Suppose -5*f = -2*d - f + x, 0 = 2*d + 5*f - 66. What is the tens digit of d?
2
Let v = -135 + 548. What is the thousands digit of (-118)/v - (1 - (-21846)/(-21))?
1
Let t(k) = -k**3 + 21*k**2 - 14*k - 3. Let n be t(19). Let l = -270 + n. Let j = -102 + l. What is the tens digit of j?
8
Suppose 2*q - 2*d = 30, 10*q - 7*q = -5*d + 69. Let c(k) = -4*k + 89. What is the units digit of c(q)?
7
Let y = -203 + 207. What is the tens digit of y/(-14) - 4888/(-56)?
8
Let z(l) = 7*l**2 - 6*l - 12. Suppose 0 = -u - 2*c, 4*u = -0*c + 2*c + 30. What is the units digit of z(u)?
4
Let q(o) = 0*o - 2*o - 5*o - 5*o**2 - 18 - 29*o**3 + 3*o + 18*o**3. What is the hundreds digit of q(-5)?
2
Let y(d) = -15*d**3 + 7*d**2 + 761*d + 6166. What is the tens digit of y(-8)?
0
Let d be 43*12 + (-300 - -287). Suppose -t + 1 + 1 = 0. Suppose -o + t*k = o - 202, -5*o + d = -4*k. What is the tens digit of o?
9
Let j be (-2)/(-22) + (-54300)/165. Let y = j + 901. What is the tens digit of y?
7
Let a(s) = -16*s + 5*s**2 + 11*s + s**3 - 22 + 6. Let y be a(-5). What is the units digit of -1 + (6/(-4))/(y/(-138))?
2
Suppose -5*g = -10*g + 5*p + 13355, -2*g = 5*p - 5314. Suppose 2*x = -x + g. What is the tens digit of x?
8
Suppose 2 + 14 = 4*d. Suppose d*z = 3*o + 4769, 0*z + 2*o = 2*z - 2386. What is the thousands digit of z?
1
Suppose 2*z = -4*h + 258, -117 = -0*h - 2*h - 5*z. Let g = 119 - h. Let y = g + 56. What is the units digit of y?
9
Suppose -3*y = 5*t - 6157 - 19255, 5*t = -25. What is the units digit of y?
9
Let r(p) = p**2 - 8*p + 1. Let m be r(7). Let t(h) = 13*h + 5. Let z(s) = 2*s. Let q(a) = m*z(a) + 2*t(a). What is the tens digit of q(7)?
0
Suppose -2*i + 6*i + 3*s = -3295, -i + 5*s = 841. Let d = 118 - i. What is the hundreds digit of d?
9
Let v = 642 - 641. What is the tens digit of (-4 + v + 3)/(-1) + 727?
2
Let p = 608 + -382. Let y = 318 - p. Suppose -230 = -5*q - w, 3*q - 4*w = 5*q - y. What is the units digit of q?
6
Let a be (6 + (-904)/16)*(-2 - 4). Suppose f - 231 = -5*h - 44, 0 = 2*f + 2*h - 382. Let m = a - f. What is the units digit of m?
1
Let p be 2*-26*5453/(-164). What is the hundreds digit of 520/65 + p/1?
7
Let x = -134 - -140. Suppose -2*c + x = 0, -4*c = -0*y - 2*y + 414. What is the hundreds digit of y?
2
What is the units digit of 29078 + 16*(-24)/(-64)?
4
Let p(a) = -6*a**2 - 9*a - 19. Let g be p(-14). Let x = -534 - g. What is the tens digit of x?
3
Suppose 4*a = s + 6, -2*a + 0*s = 4*s - 12. Let f = 4015 + -3983. Suppose a*i = 3*z - f, 5 = z - i - 7. What is the units digit of z?
8
Suppose -21*z + 36*z - 7800 = 0. Let g = z - -1024. What is the thousands digit of g?
1
Suppose -16 = -4*z - 3*m + 11, -3*z - 4*m + 29 = 0. Suppose 0 = c + 5, p - 441 = -z*p - 3*c. What is the units digit of p?
4
Suppose -27*z = -0*z - z - 122746. What is the thousands digit of z?
4
Suppose -38*s + 336922 = -8612. What is the hundreds digit of s?
0
Suppose -9*m + 12*m + 21 = 0. Let i(w) = -62*w - 44. What is the hundreds digit of i(m)?
3
Let s(n) = 22 + 5 + 29 + 8*n - 9. Let l be s(-13). What is the hundreds digit of -2 + 26/(-6)*l?
2
Let m(r) = r**2 + 5*r - 1. Let a be m(-22). Let z = a - -81. What is the hundreds digit of z?
4
Let h = 70058 - 42119. What is the units digit of h?
9
Let p = -1525 - -21743. What is the ten thousands digit of p?
2
Suppose -2*j = 2*h - 38, 0 = -2*j + 3*j + 5*h - 15. Suppose 232*k = 243*k - 66. Suppose -k*i + j = -5*i. What is the tens digit of i?
2
Let z be ((-1)/2)/((-2)/(-4) + 0). What is the tens digit of 29/z*(-50 - -48)?
5
Suppose 80*q - 89*q + 355725 = 0. What is the units digit of q?
5
Let a(v) = -916*v + 2332. What is the ten thousands digit of a(-41)?
3
Suppose 28*i - 241939 = -57419. What is the hundreds digit of i?
5
Suppose 23331 = 15*j - 47529. What is the tens digit of j?
2
Suppose 108 = -2*c + 4. Let x = c + 48. What is the units digit of ((-45)/x)/(9/24)?
0
Suppose 2*x + 8 = 0, -d - 2*d + 2*x = -29. Suppose 9*n = d*n + 92. Suppose 130 = 4*y + 2*j, y - 3*j - j - n = 0. What is the units digit of y?
4
Let c = 11390 + -5686. What is the tens digit of c?
0
Let a(z) = -7*z**2 - 823*z + 1078. What is the hundreds digit of a(-118)?
7
Let y = 20311 + -7046. What is the tens digit of y?
6
Let k(m) = 3*m**2 + 10*m - 91. Let v be k(-16). Suppose -1355 = -16*x + v. What is the hundreds digit of x?
1
Suppose 4*h = -673 + 6977. What is the units digit of h/6 + 30/90?
3
Let m = -19 + 22. Suppose 0 = c - m*c + 16. Suppose c = j - 4*k, -2*j + 17 = j - 5*k. What is the units digit of j?
4
Suppose -1923 + 52 = l. Let y = l - -2659. What is the tens digit of y?
8
Let t(s) = 63*s**2 + 7*s - 18. What is the hundreds digit of t(-6)?
2
Suppose 0 + 1 = -h. Let r be h/3*0 - 0. Suppose -2*s + 85 = 3*f - r*f, 4*s - 5*f - 225 = 0. What is the tens digit of s?
5
Let x = 130562 + -89383. What is the thousands digit of x?
1
Let n(c) = 30*c - 29*c + c - 19 + 2*c. Suppose 2*o - 4*o - 2*m = -40, 0 = o - 2*m - 17. What is the units digit of n(o)?
7
Let s(h) = -h**3 + 17*h**2 - 55*h - 47. Let j be s(8). Let f = -107 - -196. Let r = j + f. What is the hundreds digit of r?
1
Let x(u) = 5*u - 1. Let h be x(1). Suppose 5*a = h*t + 3*a - 3132, -5*a + 3900 = 5*t. What is the tens digit of t?
8
Suppose -23*w - 156536 = -6*w. What is the tens digit of ((-10)/3)/(-10) - w/6?
3
Suppose 18*t - 221*t + 4168713 + 34402 = 0. What is the units digit of t?
5
Let r be (-11)/9 + 1 - 160/(-72). Let y(k) = 5*k**r - 2*k**2 - 5*k - 8*k - 4 + 6*k. What is the tens digit of y(-3)?
4
Suppose 2*w - 4*c + 12 - 64 = 0, 4*w + 4*c - 56 = 0. Let s be (w/15*3)/(3/15). Suppose -3 = -3*g, -f + s = -g - 5. What is the units digit of f?
4
Let n be ((-10)/4)/((-186)/36 + 5). Suppose 2*y - 2 = 0, 5*t + 2*y - n = -3*y. Let o(x) = 11*x**3 + x**2 + 2*x + 2. What is the tens digit of o(t)?
9
What is the tens digit of 12*(3 + (-25030)/(-40))?
4
Let b(v) = -v**3 - 27*v**2 + 3*v - 38. Let a be b(-27). Let g = 391 + a. What is the hundreds digit of g?
2
Suppose -5*h + 4*o = 1313, 5*h - o + 3*o + 1301 = 0. Let b = -167 - h. What is the units digit of b?
4
Suppose 4*u - 96 = -2*k + 144, 0 = -3*k - 3*u + 369. Suppose -k*s = -128*s + 3472. What i